st the prime factors of m.
19
What are the prime factors of -18*(13 - 64330/28)?
3, 1523
Suppose 0 = -4*j + 5*k - 1225, 12*k - 8*k - 1220 = 4*j. Let o = 495 + j. List the prime factors of o.
3, 5, 13
Let b be 4*3/12 + -3. Let j be (-1)/(4/(-16)) + 4/b. Suppose -j*k + 855 = 3*k. List the prime factors of k.
3, 19
Suppose 0 = 11*p - 13*p - 14. What are the prime factors of (-157)/(5/(p - -2))?
157
Let n(j) = 10*j**2 + 5*j - 4. Let y be n(-8). Let s = 1216 - y. What are the prime factors of s?
2, 5, 31
Let r(y) = y**3 - 4*y**2 - 2*y - 7. Let k be r(-3). Let t = 469 + k. Suppose -3*l = -5*x - 658, -3*l - 5*x + 203 = -t. What are the prime factors of l?
211
Let w(p) be the first derivative of -41*p**2/2 - 16*p - 17. Let c be w(8). Let t = -106 - c. What are the prime factors of t?
2, 7, 17
Let a(r) = -r**2 + 4*r - 1. Let c be a(1). Suppose -3*n + 555 = 3*g, c*n - 2*g + 181 = 3*n. List the prime factors of n.
3, 7
Let y = -403 - -409. Suppose -5*d + 1625 = 5*s, -y*s + 9*s + 650 = 2*d. What are the prime factors of d?
5, 13
Suppose -5*p + 56175 = y + 5621, -2*p - 4*y = -20200. What are the prime factors of p?
2, 79
Let c be -6*(-4)/12 - (-1 + -440). Suppose c = h + r, -5*h + 2395 - 208 = -2*r. List the prime factors of h.
439
Let z(i) = -841*i + 144. List the prime factors of z(-8).
2, 859
Suppose 15*o - 38762 - 21643 = 0. What are the prime factors of o?
4027
Suppose 8*z - 23*z = -7*z - 1336. List the prime factors of z.
167
What are the prime factors of (703026/(-12))/(-3) - (36/8)/9?
2, 2441
Suppose 7670 = 12*g - 17866. Suppose -19*z = -0*z - g. List the prime factors of z.
2, 7
Let q(r) = 4 + 5 - 245*r**3 + 495*r**3 - 244*r**3 - 8*r**2. List the prime factors of q(4).
5, 53
Let k = 83491 - 14719. What are the prime factors of k?
2, 3, 11, 521
Suppose -16*w + 3*l - 11159 = -18*w, 22303 = 4*w + 3*l. What are the prime factors of w?
2, 7, 199
Let p be 4*-4 + -1 - -5. Let i = -10 - p. Suppose 2*d + i*r - 176 = -2*r, 0 = 5*d + r - 476. What are the prime factors of d?
2, 3
What are the prime factors of -5*(-3)/(-6)*(-81 + 45)?
2, 3, 5
Suppose -k = -5, 15*z - 13*z = -2*k + 8188. What are the prime factors of z?
3, 29, 47
Let f = -24804 + 35632. List the prime factors of f.
2, 2707
What are the prime factors of (5813 + 11 - 16)*(0 + 2)?
2, 3, 11
Let l = -71 + 38. Let i be l/6*-1*8. List the prime factors of 8/3*i/(-16)*-6.
2, 11
Suppose 150 = -7*m - 102. What are the prime factors of -71*(-2)/3*m/(-8)?
3, 71
Let y = -145 + 19. Suppose 6*q - 37 = 47. Let r = q - y. What are the prime factors of r?
2, 5, 7
Let p(s) = -9*s**3 + 339*s**2 - 79*s - 106. What are the prime factors of p(26)?
2, 3, 5, 31, 37
Let i be ((-6)/9)/(-1) - 12425/(-15). Suppose 3*c = 2*v + 1247, -2*c + i = -0*v + v. What are the prime factors of c?
5, 83
Suppose 1420*x = 1417*x + 5307. List the prime factors of x.
29, 61
Let n(v) = 36*v + 3711. List the prime factors of n(110).
3, 2557
Suppose 4*c + 116 = 5*s - 374, 3*s - 2*c = 296. Suppose -s = g - 1387. What are the prime factors of g?
5, 257
Suppose -3*c = -4*f - 81, 0 = -3*f + 4*c - 102 + 36. What are the prime factors of (f/(-54))/((-1)/(-1131))?
13, 29
Suppose 2*l + 4*s - 2286 = 0, 4*l + 5*s - 2286 = 2*l. Suppose -18*x + 2*r = -16*x - 456, 4*r + l = 5*x. List the prime factors of x.
3, 7, 11
Let a(t) = 736*t + 9. Let n be a(1). Suppose n = 5*k - 5*g, -5*k - g + 747 = -5*g. List the prime factors of k.
151
List the prime factors of (-2 - (-23389 - 11)) + -9.
19, 1231
Let d = -26923 + 59003. What are the prime factors of d?
2, 5, 401
Suppose -5*y = 5*v - 25, -5*y = -y + 5*v - 22. Let z be 1/12*22 - 17/(-102). Suppose o = -2*h + 100 + 15, z*h - y*o = 135. List the prime factors of h.
2, 3, 5
Let a(r) = -3*r**3 + 113*r**2 - 2*r - 218. List the prime factors of a(18).
2, 9431
Suppose 6*d - 2358 - 3612 = 0. Suppose 6*m = 3*m - 4*w + d, 0 = -3*m + 4*w + 979. List the prime factors of m.
7, 47
Suppose -15796 = -5*n - 3*m, 7*m = 2*n + 4*m - 6310. What are the prime factors of n?
2, 1579
Suppose 0 = 95*w - 79*w - 227712. Suppose 26*c + w = 50*c. What are the prime factors of c?
593
Let i(b) = 2*b + 72. Let v be i(-37). What are the prime factors of -8 + (382 - (6 - v))?
2, 3, 61
Let n = 45 + -28. Let k = n + 61. Suppose -k - 16 = -2*h + 2*s, 0 = -2*h + 4*s + 88. List the prime factors of h.
2, 5
Suppose 9*c - 2*c = -6*c + 83369. List the prime factors of c.
11, 53
Let v be (-94)/(-18) + 6/(-27) + 1. Suppose -937 - 1181 = -v*h. List the prime factors of h.
353
Suppose -9*l = -4*l - 50. Suppose 60 = -l*s + 14*s. Suppose 0*c = -5*c + s, 4*c + 353 = 5*d. List the prime factors of d.
73
Suppose 12 = 11*v - 10*v. Suppose -44*n + 40*n = -v. Suppose 3*w - 16 = -d + w, -n*d = -2*w - 80. List the prime factors of d.
2, 3
Let r(g) = g + 5. Let z be r(-5). Let u = -1992 + 1997. Suppose u*d + 5 = z, 0 = -2*t - 4*d + 52 + 260. What are the prime factors of t?
2, 79
Let y(f) = 1710*f - 823. What are the prime factors of y(4)?
11, 547
Let w(s) = 1344*s - 3323. What are the prime factors of w(12)?
5, 13, 197
Let q(j) = -j**2 - 2*j + 2. Let z be q(-3). Let m(f) = -f - 1. Let t(c) = -c**2 + 4*c + 37. Let b(k) = z*t(k) - 2*m(k). List the prime factors of b(-8).
3, 5
Suppose -11*j - 260137 + 80672 = -22*j. List the prime factors of j.
5, 13, 251
Let b be 40 - (-2)/(0 + 2). Suppose -i = -110 + 100. Let l = b - i. List the prime factors of l.
31
Let g be ((-3618)/(-15) - 0)/(14/105). List the prime factors of g/(-8)*-2 - 1/4.
2, 113
What are the prime factors of 9/7 - 1 - -243*1410/70?
5, 11, 89
Let t(u) = -u**2 + 17*u - 18. Suppose -84 = -4*k + 3*i, i + 12 = 4*i. Suppose 12 = b + y - 3*y, k = 2*b + 4*y. List the prime factors of t(b).
2, 3, 7
Let m be 128/48 + 16/12. Suppose -2*z - 2*a = -5*a - 1862, 3764 = m*z + 4*a. List the prime factors of z.
937
Let t be 1/(21/3) + 30/(-14). Let c be -4 + (-1 - t) + (2 - -1). Suppose 6*y + 155 - 659 = c. List the prime factors of y.
2, 3, 7
Let u(f) = -f**3 - 35*f**2 - 35*f + 25. Let y be u(-34). Suppose 3 = -z + 18. Let r = y - z. What are the prime factors of r?
2, 11
What are the prime factors of (-18)/(-2)*7313040/3240?
2, 7, 1451
Let q be ((-68)/6)/((-8)/12)*-1. Let x = -23 - q. What are the prime factors of (-292)/x + (-34)/51?
2, 3
Suppose -76*f + 319*f + 113*f - 26864828 = 0. List the prime factors of f.
17, 23, 193
Let y(f) = 24*f - 17. Let r be (-4 + 22/6)/((-3)/243). Let o = r - 23. What are the prime factors of y(o)?
79
Let f be ((-2)/4)/(2/(-36)). Suppose -1 = -h, -2*h = 4*n + 3*h - f. What are the prime factors of (6/(-18)*2)/(n/(-138))?
2, 23
Let v(t) = -5*t + 742. Let z be (-7)/28 + (3 - 44/16). What are the prime factors of v(z)?
2, 7, 53
Suppose -2*a - 18 = -2*p - p, 15 = 3*p - a. Suppose -9*k + 205 = -p*k. Let r = -20 + k. What are the prime factors of r?
3, 7
Suppose -v + 3*s + 18573 = 0, -5*v + 4*s = 3*s - 92837. List the prime factors of v.
3, 2063
Suppose -32*c - 3*c + 566678 = -174657. What are the prime factors of c?
59, 359
Let d(t) = -t**3 + 3*t**2 - t - 7. Let o be d(8). List the prime factors of (-10)/(10/o + 0).
5, 67
Let h(o) = -o**3 - o - 1. Let c(u) = u**2 + 25*u + 66. Let y be c(-22). Let s be h(y). List the prime factors of (-8)/48 + 1442/12 + s.
7, 17
Suppose -82*t - 89*t + 1846287 = 0. List the prime factors of t.
3, 59, 61
Let b(j) = -j**2 - 3*j + 9. Let k(r) = r**3 + r**2 - 2. Let a be k(-2). Let g be b(a). What are the prime factors of -10*16/g - 4/(-18)?
2, 3
Suppose 3*b = -70 + 100. Suppose b*s = 7*s + 18. What are the prime factors of 6/(-9)*s + 128 + 1?
5
Suppose 11*j = 4525 + 13284. Let p = -310 + j. What are the prime factors of p?
7, 11, 17
Suppose -2*j - 3*j = 18*j - 579784. What are the prime factors of j?
2, 23, 137
Let t(y) be the second derivative of 2*y**3/3 + 33*y**2/2 - 36*y + 1. List the prime factors of t(6).
3, 19
Let l = -1885 - -10060. List the prime factors of l.
3, 5, 109
Suppose 23*w = 11*w + 55980. What are the prime factors of w?
3, 5, 311
Let i(q) = -q**3 + 12*q**2 + 46*q - 6. Let f be i(15). Suppose -5*u = 4*u - f. Let p(m) = 17*m**2 - 3*m. List the prime factors of p(u).
2, 7
Let g be -1*7/14*-3552. Suppose 0 = -15*j + 23*j - g. List the prime factors of j.
2, 3, 37
Suppose -12*g + 44230 = -17*g + 10*g. List the prime factors of g.
2, 4423
Suppose -60*